e 10?
-3192
6b0 (base 15) to base 8
2753
Convert 2101022 (base 3) to base 9.
2338
2113 (base 4) to base 2
10010111
Convert 234034 (base 5) to base 11.
6549
102 (base 11) to base 14
8b
What is 756 (base 9) in base 5?
4433
What is -21310 (base 5) in base 6?
-10423
-335 (base 15) to base 5
-10400
What is 745 (base 15) in base 13?
992
What is 446 (base 10) in base 5?
3241
-16622 (base 7) to base 8
-11241
-313010 (base 4) to base 14
-13da
2221313 (base 4) to base 6
122155
2c2b9 (base 13) to base 11
58102
4064 (base 8) to base 14
aa0
Convert -1354 (base 10) to base 8.
-2512
What is 1bb3 (base 14) in base 16?
13c1
What is 412143 (base 5) in base 13?
6157
19a3 (base 15) to base 9
7550
-1111111001011000 (base 2) to base 7
-360555
-1b57 (base 14) to base 8
-11561
Convert 3216 (base 8) to base 9.
2264
What is -9494 (base 11) in base 15?
-3acb
443 (base 5) to base 16
7b
What is 2447 (base 15) in base 5?
221332
-42312 (base 5) to base 6
-21040
Convert -1010122111 (base 3) to base 13.
-a228
Convert 231104 (base 5) to base 15.
26be
-23247 (base 9) to base 11
-10724
What is 40121 (base 5) in base 16?
9e8
Convert -111100000100110 (base 2) to base 9.
-46165
What is -33a6 (base 15) in base 4?
-2223030
-1467 (base 13) to base 9
-4046
Convert -3264 (base 9) to base 10.
-2407
-11001000 (base 2) to base 16
-c8
-159 (base 12) to base 16
-d5
Convert 487 (base 12) to base 6.
3051
2020224 (base 5) to base 14
bc20
Convert 82017 (base 9) to base 8.
151312
14471 (base 8) to base 15
1da7
What is 24484 (base 9) in base 10?
16438
Convert -1350 (base 8) to base 16.
-2e8
-33d5 (base 14) to base 16
-232f
What is 3fd (base 16) in base 8?
1775
-1574 (base 15) to base 11
-3510
What is -1a815 (base 13) in base 11?
-35aa3
Convert 3411a (base 12) to base 6.
1252434
What is 1450 (base 6) in base 3?
112110
What is -6533 (base 8) in base 14?
-1363
7163 (base 11) to base 7
36501
Convert -d6c (base 14) to base 10.
-2644
-10101011100000 (base 2) to base 14
-4000
What is 1524 (base 11) in base 8?
3652
What is -32 (base 13) in base 11?
-38
Convert 897 (base 13) to base 7.
4206
-11a0 (base 13) to base 8
-4700
-544154 (base 6) to base 7
-245122
3292 (base 10) to base 7
12412
Convert -1258 (base 13) to base 8.
-5060
Convert -320322 (base 5) to base 7.
-43142
What is -a3 (base 16) in base 7?
-322
What is 2620 (base 9) in base 10?
1962
What is -480 (base 13) in base 15?
-370
1221 (base 7) to base 14
248
What is 337 (base 11) in base 5?
3103
What is 44431 (base 5) in base 16?
c2c
-1637 (base 8) to base 13
-564
Convert 24cc (base 14) to base 9.
8758
What is 93 (base 14) in base 2?
10000001
Convert -71 (base 8) to base 12.
-49
What is 102430 (base 5) in base 15?
107a
Convert -8ae (base 16) to base 4.
-202232
Convert 100000110101 (base 2) to base 4.
200311
Convert -4abc (base 14) to base 6.
-140354
What is -1a75 (base 11) in base 8?
-5077
What is -2d04 (base 15) in base 14?
-3755
Convert -74416 (base 8) to base 14.
-b418
Convert -3971 (base 15) to base 10.
-12256
Convert 1574 (base 10) to base 9.
2138
Convert 100214 (base 5) to base 6.
22424
-58679 (base 10) to base 4
-32110313
What is -2747 (base 10) in base 5?
-41442
2045 (base 8) to base 7
3044
-29d (base 15) to base 10
-598
Convert -14568 (base 9) to base 8.
-23330
What is 3a6 (base 14) in base 16?
2de
Convert 2402214 (base 5) to base 9.
66384
-133321 (base 4) to base 15
-911
60345 (base 11) to base 10
88258
a05 (base 15) to base 16
8cf
What is -120120112 (base 3) in base 12?
-66a2
102002 (base 3) to base 13
1a0
Convert -4240 (base 16) to base 4.
-10021000
Convert -1870 (base 16) to base 12.
-3754
What is 106 (base 12) in base 16?
96
Convert 656 (base 12) to base 2.
1110100010
296 (base 11) to base 6
1335
Convert -15322 (base 7) to base 13.
-1c42
Convert 4334 (base 5) to base 14.
306
Convert 1d9 (base 14) to base 13.
23a
-4340 (base 7) to base 12
-a8b
What is 20102010 (base 3) in base 9?
6363
-1363 (base 7) to base 2
-1000010111
Convert -7758 (base 9) to base 6.
-42255
-10101011001000 (base 2) to base 15
-33a2
What is -75a7 (base 11) in base 4?
-2130313
What is 5623 (base 12) in base 4?
2110323
What is -2433 (base 5) in base 11?
-305
Convert 3132 (base 7) to base 4.
101031
Convert 416 (base 9) to base 14.
1a3
-59b (base 14) to base 2
-10001011101
Convert 112443 (base 5) to base 11.
3109
Convert 9287 (base 10) to base 12.
545b
What is 1227d (base 14) in base 4?
22311313
3424 (base 7) to base 13
748
-130440 (base 7) to base 10
-24234
What is 4ec (base 16) in base 12?
890
-12834 (base 9) to base 10
-8698
What is -17b (base 15) in base 14?
-1a5
What is 1301421 (base 5) in base 15?
7726
What is 4213 (base 9) in base 11?
235a
194b (base 15) to base 6
41155
Convert 19172 (base 13) to base 6.
1012552
-110200222 (base 3) to base 6
-110512
What is -50102 (base 6) in base 4?
-1211312
335 (base 16) to base 3
1010102
What is 21535 (base 6) in base 4?
233003
What is 3023 (base 6) in base 2?
1010010111
What is -53a (base 16) in base 15?
-5e3
Convert -507 (base 9) to base 10.
-412
220101110 (base 3) to base 14
669c
21 (base 6) to base 11
12
Convert 56 (base 9) to base 10.
51
Convert -51e0 (base 16) to base 3.
-1001202022
Convert 100100010111 (base 2) to base 10.
2327
Convert -110001000 (base 2) to base 4.
-12020
Convert -7ba (base 13) to base 4.
-110320
Convert 181c (base 13) to base 10.
3574
Convert 25cb (base 13) to base 4.
1110132
What is -2c2e (base 15) in base 13?
-4424
Convert -1110 (base 7) to base 3.
-112210
Convert 1ca5 (base 13) to base 11.
3304
26a (base 12) to base 11
307
Convert 134516 (base 7) to base 16.
6428
-124344 (base 6) to base 4
-2301220
What is 83821 (base 9) in base 12?
2803a
-1a4 (base 12) to base 10
-268
-5441 (base 10) to base 5
-133231
2233311 (base 4) to base 8
25765
220 (base 8) to base 2
10010000
Convert 555 (base 7) to base 5.
2120
1100000101 (base 2) to base 11
643
-359 (base 10) to base 7
-1022
What is -4041 (base 6) in base 14?
-477
10223 (base 4) to base 16
12b
Convert 5750 (base 11) to base 9.
11326
640 (base 11) to base 15
365
What is -1132232 (base 4) in base 11?
-4611
20132 (base 6) to base 12
1648
13560 (base 7) to base 11
287a
Convert -2589 (base 13) to base 7.
-21414
-2020222 (base 3) to base 9
-2228
What is 36262 (base 8) in base 4?
3302302
What is 21a4 (base 11) in base 10?
2897
20d (base 14) to base 12
299
-11001011101 (base 2) to base 11
-1251
What is -1201010 (base 3) in base 14?
-64d
What is -2013201 (base 4) in base 7?
-34200
What is -3468 (base 10) in base 3?
-11202110
-5c94 (base 14) to base 6
-203002
Convert 4b78 (base 16) to base 9.
28446
-110011010111 (base 2) to base 6
-23115
10010010 (base 2) to base 15
9b
Convert -135056 (base 8) to base 12.
-236ba
Convert -1c58 (base 15) to base 7.
-23645
What is 555 (base 10) in base 3?
202120
Convert -364 (base 9) to base 11.
-254
-3c08 (base 16) to base 2
-11110000001000
59c (base 14) to base 11
927
What is 9a4 (base 11) in base 16?
4b3
What is -254 (base 15) in base 14?
-29b
What is -8f5 (base 16) in base 4?
-203311
-362 (base 13) to base 15
-292
What is 757 (base 9) in base 13?
388
221 (base 9) to base 10
181
1332 (base 5) to base 14
117
Convert 46 (base 13) to base 5.
213
Convert a53 (base 14) to base 8.
3761
What is 2366 (base 10) in base 7?
6620
What is 2227 (base 8) in base 2?
10010010111
What is 108bb (base 12) in base 16?
560f
Convert -d8d (base 14) to base 11.
-2010
What is 701b (base 13) in base 9?
23114
What is 15a7 (base 14) in base 9?
5271
-111010111001 (base 2) to base 11
-2917
Convert -2482 (base 11) to base 10.
-3236
What is 7513 (base 13) in base 10?
16240
Convert -389a (base 11) to base 7.
-20532
Convert -2c4 (base 13) to base 15.
-233
Convert -10206 (base 8) to base 11.
-31a6
What is 9c5 (base 13) in base 5?
23212
Convert -3b7 (base 13) to base 8.
-1221
What is 33022 (base 4) in base 12?
68a
What is 20146 (base 7) in base 15?
16aa
-1684b (base 12) to base 13
-1192a
10686 (base 10) to base 4
2212332
-600a (base 13) to base 16
-3388
11110101001 (base 2) to base 12
1175
401 (base 8) to base 4
10001
-31275 (base 8) to base 3
-122211002
Convert 5713 (base 16) to base 7.
121663
Convert -1552 (base 9) to base 2.
-10010011101
What is 35 (base 6) in base 11?
21
Convert 23ab (base 15) to base 16.
1da2
Convert -2213 (base 5) to base 6.
-1232
Convert -23410